{"id":57,"date":"2018-01-12T10:30:04","date_gmt":"2018-01-12T09:30:04","guid":{"rendered":"http:\/\/www.lv-hypnose.fr\/?page_id=57"},"modified":"2021-03-13T15:23:52","modified_gmt":"2021-03-13T14:23:52","slug":"tarifs","status":"publish","type":"page","link":"https:\/\/www.lv-hypnose.fr\/index.php\/deroulement-dune-seance\/tarifs\/","title":{"rendered":"Tarifs et dur\u00e9e"},"content":{"rendered":"\n<p><strong>Tarifs :<\/strong><\/p>\n\n\n\n<ul><li>La s\u00e9ance individuelle est \u00e0 <strong>75\u20ac<\/strong>.<\/li><li><span style=\"text-decoration: underline;\">Pour les enfants et adolescents<\/span> : la s\u00e9ance est \u00e0 <strong>65\u20ac<\/strong>.<\/li><li><span style=\"text-decoration: underline;\">Pour les th\u00e9rapies de couple<\/span> : la s\u00e9ance \u00e0 deux est \u00e0 <strong>140\u20ac<\/strong>. (Explication du protocole sur demande)<\/li><li><span style=\"text-decoration: underline;\">Pour l&rsquo;arr\u00eat du tabac<\/span> : Forfait de <strong>2 s\u00e9ances<\/strong> pour un co\u00fbt total de <strong>190\u20ac<\/strong>.<\/li><\/ul>\n\n\n\n<p><strong>Paiement uniquement par esp\u00e8ces ou par ch\u00e8que.<\/strong><\/p>\n\n\n\n<p><strong>Dur\u00e9e :<\/strong><\/p>\n\n\n\n<p>Une s\u00e9ance dure entre 50 minutes et 1h20.<br><strong>En moyenne, comptez 1h.<\/strong><\/p>\n\n\n\n<p>Afin de travailler dans les meilleures conditions, voici quelques r\u00e8gles \u00e0 respecter :<\/p>\n\n\n\n<ul><li>Soyez \u00e0 l\u2019heure au rendez vous.<\/li><li>Toute s\u00e9ance non d\u00e9command\u00e9e 48h \u00e0 l\u2019avance est due.<\/li><\/ul>\n\n\n\n<h2><span style=\"color: #993300;\"><a style=\"color: #993300;\" href=\"http:\/\/www.lv-hypnose.fr\/index.php\/deroulement-dune-seance\/comment-se-deroule-une-seance\/\">Comment se d\u00e9roule une s\u00e9ance ?<\/a><\/span><\/h2>\n\n\n\n<h2><span style=\"color: #993300;\"><a style=\"color: #993300;\" href=\"http:\/\/www.lv-hypnose.fr\/index.php\/deroulement-dune-seance\/charte-de-lhypnotherapeute\/\">Charte de l&rsquo;Hypnoth\u00e9rapeute<\/a><\/span><\/h2>\n","protected":false},"excerpt":{"rendered":"<p>Tarifs : La s\u00e9ance individuelle est \u00e0 75\u20ac. Pour les enfants et adolescents : la s\u00e9ance est \u00e0 65\u20ac. Pour les th\u00e9rapies de couple : la s\u00e9ance \u00e0 deux est \u00e0 140\u20ac. (Explication du protocole sur demande) Pour l&rsquo;arr\u00eat du tabac : Forfait de 2 s\u00e9ances pour un co\u00fbt total de 190\u20ac. Paiement uniquement par [&hellip;]<\/p>\n","protected":false},"author":1,"featured_media":0,"parent":53,"menu_order":2,"comment_status":"closed","ping_status":"closed","template":"","meta":[],"yoast_head":"<!-- This site is optimized with the Yoast SEO plugin v15.2.1 - https:\/\/yoast.com\/wordpress\/plugins\/seo\/ -->\n<title>Tarifs et dur\u00e9e - lv-hypnose.fr<\/title>\n<meta name=\"robots\" content=\"index, follow, max-snippet:-1, max-image-preview:large, max-video-preview:-1\" \/>\n<link rel=\"canonical\" href=\"http:\/\/www.lv-hypnose.fr\/index.php\/deroulement-dune-seance\/tarifs\/\" \/>\n<meta property=\"og:locale\" content=\"fr_FR\" \/>\n<meta property=\"og:type\" content=\"article\" \/>\n<meta property=\"og:title\" content=\"Tarifs et dur\u00e9e - lv-hypnose.fr\" \/>\n<meta property=\"og:description\" content=\"Tarifs : La s\u00e9ance individuelle est \u00e0 75\u20ac. Pour les enfants et adolescents : la s\u00e9ance est \u00e0 65\u20ac. Pour les th\u00e9rapies de couple : la s\u00e9ance \u00e0 deux est \u00e0 140\u20ac. (Explication du protocole sur demande) Pour l&rsquo;arr\u00eat du tabac : Forfait de 2 s\u00e9ances pour un co\u00fbt total de 190\u20ac. Paiement uniquement par [&hellip;]\" \/>\n<meta property=\"og:url\" content=\"http:\/\/www.lv-hypnose.fr\/index.php\/deroulement-dune-seance\/tarifs\/\" \/>\n<meta property=\"og:site_name\" content=\"lv-hypnose.fr\" \/>\n<meta property=\"article:modified_time\" content=\"2021-03-13T14:23:52+00:00\" \/>\n<meta name=\"twitter:card\" content=\"summary_large_image\" \/>\n<meta name=\"twitter:label1\" content=\"\u00c9crit par\">\n\t<meta name=\"twitter:data1\" content=\"admin1261\">\n\t<meta name=\"twitter:label2\" content=\"Dur\u00e9e de lecture est.\">\n\t<meta name=\"twitter:data2\" content=\"0 minute\">\n<script type=\"application\/ld+json\" class=\"yoast-schema-graph\">{\"@context\":\"https:\/\/schema.org\",\"@graph\":[{\"@type\":\"WebSite\",\"@id\":\"http:\/\/www.lv-hypnose.fr\/#website\",\"url\":\"http:\/\/www.lv-hypnose.fr\/\",\"name\":\"lv-hypnose.fr\",\"description\":\"Elevez-vous gr\\u00e2ce \\u00e0 l&#039;Hypnoth\\u00e9rapie\",\"potentialAction\":[{\"@type\":\"SearchAction\",\"target\":\"http:\/\/www.lv-hypnose.fr\/?s={search_term_string}\",\"query-input\":\"required name=search_term_string\"}],\"inLanguage\":\"fr-FR\"},{\"@type\":\"WebPage\",\"@id\":\"http:\/\/www.lv-hypnose.fr\/index.php\/deroulement-dune-seance\/tarifs\/#webpage\",\"url\":\"http:\/\/www.lv-hypnose.fr\/index.php\/deroulement-dune-seance\/tarifs\/\",\"name\":\"Tarifs et dur\\u00e9e - lv-hypnose.fr\",\"isPartOf\":{\"@id\":\"http:\/\/www.lv-hypnose.fr\/#website\"},\"datePublished\":\"2018-01-12T09:30:04+00:00\",\"dateModified\":\"2021-03-13T14:23:52+00:00\",\"inLanguage\":\"fr-FR\",\"potentialAction\":[{\"@type\":\"ReadAction\",\"target\":[\"http:\/\/www.lv-hypnose.fr\/index.php\/deroulement-dune-seance\/tarifs\/\"]}]}]}<\/script>\n<!-- \/ Yoast SEO plugin. -->","_links":{"self":[{"href":"https:\/\/www.lv-hypnose.fr\/index.php\/wp-json\/wp\/v2\/pages\/57"}],"collection":[{"href":"https:\/\/www.lv-hypnose.fr\/index.php\/wp-json\/wp\/v2\/pages"}],"about":[{"href":"https:\/\/www.lv-hypnose.fr\/index.php\/wp-json\/wp\/v2\/types\/page"}],"author":[{"embeddable":true,"href":"https:\/\/www.lv-hypnose.fr\/index.php\/wp-json\/wp\/v2\/users\/1"}],"replies":[{"embeddable":true,"href":"https:\/\/www.lv-hypnose.fr\/index.php\/wp-json\/wp\/v2\/comments?post=57"}],"version-history":[{"count":8,"href":"https:\/\/www.lv-hypnose.fr\/index.php\/wp-json\/wp\/v2\/pages\/57\/revisions"}],"predecessor-version":[{"id":329,"href":"https:\/\/www.lv-hypnose.fr\/index.php\/wp-json\/wp\/v2\/pages\/57\/revisions\/329"}],"up":[{"embeddable":true,"href":"https:\/\/www.lv-hypnose.fr\/index.php\/wp-json\/wp\/v2\/pages\/53"}],"wp:attachment":[{"href":"https:\/\/www.lv-hypnose.fr\/index.php\/wp-json\/wp\/v2\/media?parent=57"}],"curies":[{"name":"wp","href":"https:\/\/api.w.org\/{rel}","templated":true}]}}